at are the prime factors of x?
3, 17
Suppose 3*f + 5*r = 3 + 25, 0 = -5*f + 3*r - 10. Suppose -f = -x + 3. Suppose -3 = -2*u - 5*l, -18 = -u + x*l + 16. List the prime factors of u.
2, 7
Let b(t) = -5*t**2 - 3*t - 20. Let v(a) = 2*a**2 + a + 7. Let s(j) = -3*b(j) - 8*v(j). Let q be s(3). List the prime factors of -5*(0 - 3 - q).
5
Suppose -t + 3*i = -9, 3*t - 4*i = -2*i - 1. Let u = -7 - 1. What are the prime factors of u/(4/6*t)?
2
Let h(n) be the second derivative of n**5/20 - n**4/12 + 2*n**2 + 3*n. Let r be h(0). List the prime factors of (1 + r)*(-36)/(-45).
2
Let s(v) = 10*v - 1. Let w(h) = -19*h + 2. Let o(m) = -7*s(m) - 3*w(m). List the prime factors of o(-2).
3
Let g be (3 - -13)/2 + 0. Suppose 0*s + 2*s = g. List the prime factors of s.
2
Let g(w) = 6*w - 5. Suppose -3*u + 0 = 4*y - 1, 5*u = -2*y - 17. Let d be g(y). Suppose -d - 2 = -3*v. List the prime factors of v.
7
Let o(c) = 5*c + 9. List the prime factors of o(8).
7
Let u = -4 + 6. Let p be (-24)/(u/(-2)) + -2. Suppose -2*a - 2*c + 2 = 0, 3*a - 2*c - p = 6. What are the prime factors of a?
2, 3
Let x(j) = -5*j + 7*j - 13*j - 15*j. Let a be x(-1). Suppose 2*z = 3*r + a, 9 = z - 4*r - 9. List the prime factors of z.
2, 5
Let s = -3 + 7. Let k(b) = -b + 2. Let y be k(s). List the prime factors of -6*1/3*y.
2
Let n(t) = 11*t**3 - 32*t**2 - 27*t - 21. Let z(x) = -4*x**3 + 11*x**2 + 9*x + 7. Let p(y) = -3*n(y) - 8*z(y). What are the prime factors of p(9)?
7
Let v(f) = 4*f**2 - 2*f + 2. Let l = 0 + 2. Let a be v(l). Let c = -7 + a. List the prime factors of c.
7
Let g(v) = -2*v - 1. Let y be g(-2). Suppose -3*s - o = o - 90, -5*s + 150 = y*o. List the prime factors of s.
2, 3, 5
Let j be (-2)/(-6) - (-2514)/18. Suppose -3*s = 2*s - j. Let d = -9 + s. What are the prime factors of d?
19
Let z(p) = p**3 + 2*p**2 - p. Let r(m) = m + 6. Let j be r(-8). Let l be z(j). Suppose -6 - 12 = -l*o. List the prime factors of o.
3
Suppose -240 = -2*b + 3*s, -5*s - 659 + 59 = -5*b. List the prime factors of b.
2, 3, 5
Let d(m) = m**2 - 4*m + 1. Let z be d(4). What are the prime factors of 2 + (4*3)/z?
2, 7
Suppose 5*q = 5*a - 13 - 2, 2*a - 3*q - 1 = 0. List the prime factors of 86/a + (-3)/4.
2, 5
Let y(d) = 10*d - 3. Let o = -2 - -4. What are the prime factors of y(o)?
17
Let d = 5 - 1. Suppose 3*q - 7 = -2*z, d*z + 1 = -q - 2*q. List the prime factors of q.
5
Let t be (-45)/10*1/(1/2). Let o(y) = 7*y**3 + 14*y**2 - 4*y + 3. Let l(b) = -b**3 - b**2 - b. Let d(v) = 6*l(v) + o(v). List the prime factors of d(t).
2, 3
List the prime factors of 3/3*(3 + 44).
47
Suppose -216 = -5*k - k. List the prime factors of k.
2, 3
What are the prime factors of ((-6)/4)/(12/(-32))?
2
List the prime factors of -4 - -2 - (3 + -134).
3, 43
Suppose 2*l + 5*k = 29, 2*l = 4*k - 0 + 2. Suppose -2*n - l = -n. Let j = 10 + n. What are the prime factors of j?
3
Let k(m) = m**2 - 5*m + 2. What are the prime factors of k(16)?
2, 89
Let z(b) = b**3 - 10*b**2 - 9*b - 16. Let y be z(11). What are the prime factors of 77/y + (-1)/(-6)?
13
Let s(j) = 4*j + 2. Let q be s(-1). What are the prime factors of 4/((q/(-3))/1)?
2, 3
Suppose -39 = -2*d + 123. List the prime factors of d.
3
Let m(w) = 3*w - 1. Let l be m(11). Suppose l = 5*t - t. List the prime factors of t.
2
Let m(v) = -v**2 + 3*v**2 - v**2 + 7 - 12*v - 2. Let j be m(12). Suppose -j*d = -7 - 3. What are the prime factors of d?
2
Suppose 0*z = -5*z - 225. Let w = 72 + z. Suppose 0*u = 3*u - w. List the prime factors of u.
3
Suppose 0*v + 4*d + 36 = 4*v, -4*v + d + 30 = 0. Let z = 56 - v. List the prime factors of z.
7
Let o be 47*2*6/12. Let m = -27 + o. List the prime factors of m.
2, 5
Suppose -7*s + 15 = -2*s. Suppose 6 = -s*v + v, -p + 15 = v. List the prime factors of p.
2, 3
Suppose -3*j + 2*j = 1. Let z = -2 - j. List the prime factors of (z/(-2))/((-1)/(-4)).
2
Suppose -14*i + 12 = -10*i. List the prime factors of i.
3
Let r(i) = -i**3 + 5*i**2 + i + 8. Let n be r(6). Let j = 6 - n. What are the prime factors of j?
2, 7
Let o be (2 + -4 - -1)*2. Let j be 0 - (o - (0 + 1)). Suppose j*x - 18 = 9. What are the prime factors of x?
3
Let q be (-2)/(3*6/279). Let d = q - -44. List the prime factors of d.
13
Let a(p) = -21*p - 15. Let u(c) = 3*c + 2. Let g(m) = -4*a(m) - 27*u(m). Let b(x) = -4*x - 6. Let j(n) = 4*b(n) + 5*g(n). What are the prime factors of j(0)?
2, 3
Let s(o) be the third derivative of o**6/120 - 7*o**5/60 - 7*o**4/24 + 5*o**3/6 + 3*o**2. List the prime factors of s(8).
13
Suppose -3*q - 5*y + 18 = -0*q, -9 = 3*y. Let v = 3 - q. List the prime factors of -2*2/v*18.
3
Suppose f + 3*f - 220 = 0. Suppose 2*j + 8 = 0, -2*j + f = 5*m + 3*j. What are the prime factors of m?
3, 5
Let u(m) = 2*m**3 - 6*m**2 - 22. List the prime factors of u(7).
2, 5, 37
Let p(j) be the first derivative of -j**5/20 + j**4/3 + j**3 - j + 2. Let k(c) be the first derivative of p(c). What are the prime factors of k(5)?
5
Suppose 0 = 5*k - 10 - 15. Let x(f) = 2*f**2 - 6*f - 6. What are the prime factors of x(k)?
2, 7
Suppose -150 = -0*y - 3*y. What are the prime factors of y?
2, 5
Let x = 1 + 264. List the prime factors of x.
5, 53
Let k = 10 - 9. List the prime factors of (5/(-2))/(k/(-2)).
5
Let h(t) = -t**2 - 6*t - 3. Let y be h(-4). Suppose r - 187 = -y*q, 2*r - 3*r - 109 = -3*q. What are the prime factors of q?
37
Let n(d) = d**3 + 3*d**2 - 5*d - 4. Let p be n(-4). Suppose 0 = 2*s - 5*v - 2, -3*s - 4*v - v + 28 = p. What are the prime factors of s?
2, 3
Suppose 0 = 2*d - 0 - 6. Suppose 3*v = -2*s + 28, -3*s + 16 = -d*v - 11. List the prime factors of s.
11
Let i(b) = -b**3 - 7*b**2 - 4*b + 3. Let v be i(-5). Let l = v - -45. Suppose 18 = 3*r - l. What are the prime factors of r?
2, 3
Suppose 3 = 2*n - 13. List the prime factors of n.
2
List the prime factors of 3 - (-20)/1 - 1.
2, 11
Suppose -g = -1 - 19. What are the prime factors of g?
2, 5
Let w = -5 + 9. List the prime factors of (-6 + w + -1)*-3.
3
Let w = 11 + -8. Suppose -k = -5*v + 3*k + 71, 0 = -w*v - 5*k + 13. What are the prime factors of v?
11
Let z(c) = 16 - 2*c - 2 - 9 - 6. What are the prime factors of z(-10)?
19
Suppose 6 - 61 = -5*r. List the prime factors of r.
11
Let m = -5 - -7. Suppose -7 = -3*l + m*l. What are the prime factors of l?
7
Let n = -55 - -217. List the prime factors of n.
2, 3
Suppose 3*r - 72 = 3*a, 7 - 43 = -2*r - a. Let w(g) = -g**2 + 3*g + 2. Let v be w(-2). Let t = v + r. List the prime factors of t.
2, 3
Suppose 12*w = 10*w + 116. What are the prime factors of w?
2, 29
Let g(f) = -f**3 + 9*f**2 - 9*f + 2. Suppose 0 = 3*k - 2*k - 8. Let x be g(k). List the prime factors of (x + 5)/(1/(-16)).
2
Let l(i) = -2*i - 13. Suppose -4*a - 44 = 3*o, -3*o = 2*o + 3*a + 55. List the prime factors of l(o).
3
Let v(n) be the second derivative of -n**4/12 + 3*n**3/2 - 2*n**2 + 2*n. List the prime factors of v(5).
2
Let m = -5 + 9. Let t be (-1)/m - (-1)/4. What are the prime factors of 5 - (-1 - (t + -2))?
2
Let h(t) = -2*t**2 - 58*t. List the prime factors of h(-9).
2, 3, 5
Let l be (0 - 2) + 3 + -1. Let j be -11 - (l/(-1) - 0). Let k = j + 15. List the prime factors of k.
2
Let r be 12/(-8) + 22/4. Suppose -2*v + 27 = -0*t - 3*t, -t = -r*v + 29. Suppose 0 = -5*s + v + 14. What are the prime factors of s?
2
Let g(a) = -a**2 + 6*a + 3. Let b be 6 - (12/3)/2. Suppose -b*m + 2*m = -12. List the prime factors of g(m).
3
Let q be 2*(-9)/(-3) + -1. Suppose 0 = q*g - g - 12. Suppose 4*w - 3*i + 8*i - 33 = 0, 32 = 5*w - g*i. List the prime factors of w.
7
Let p(v) = -v**2 + 7*v + 7. Let h be p(7). Let y(r) = -h*r + 2*r - 3*r. What are the prime factors of y(-1)?
2
Let l = -6 - 87. List the prime factors of (-3)/(-12) + l/(-12).
2
Suppose 0*m - 4*s + 485 = 5*m, 5*m - 4*s = 485. List the prime factors of m.
97
Let i be (-2)/(-11) - (-93)/33. Suppose z - 63 = -2*z - 3*t, i*t = -2*z + 40. What are the prime factors of z?
23
Let u(m) = m**3 + 9*m**2 + 7*m + 19. List the prime factors of u(-6).
5, 17
Suppose 0 = -5*l - 4*d + 15, -5*l + 4*d = -0*d - 15. Let i = 5 - l. List the prime factors of (-3)/i*(-88)/12.
11
Let i(h) = -3*h**2 - 18*h - 8. List the prime factors of i(-5).
7
Let n(s) = -49*s + 4. Let t be n(2). Let w = -50 - t. List the prime factors of w.
2, 11
Suppose -n = -7*s + 2*s - 181, 0 = -4*s - 3*n - 1